{"id":6936,"date":"2020-12-10T13:21:16","date_gmt":"2020-12-10T12:21:16","guid":{"rendered":"https:\/\/www.hotel-aigle.ch\/emporter\/"},"modified":"2026-01-05T16:50:08","modified_gmt":"2026-01-05T15:50:08","slug":"mitnehmen","status":"publish","type":"page","link":"https:\/\/www.hotel-aigle.ch\/de\/mitnehmen\/","title":{"rendered":"Unsere Mahlzeiten zum Mitnehmen"},"content":{"rendered":"<p>Unsere Mahlzeiten zum Mitnehmen &nbsp; &nbsp; Lust den Koch zu wechseln? T\u00e4glich von Montag bis Samstag (Mittag und Abend) und Sonntagmittag k\u00f6nnen Sie sich von unserem K\u00fcchenchef mit den verschiedenen Gerichten zum Mitnehmen verw\u00f6hnen lassen. Wir bieten entweder Tagesm <a href=\"https:\/\/www.hotel-aigle.ch\/de\/mitnehmen\/\" title=\"Read more on Unsere Mahlzeiten zum Mitnehmen\" class=\"more-link\">mehr<\/a><\/p>\n","protected":false},"excerpt":{"rendered":"<p>Unsere Mahlzeiten zum Mitnehmen &nbsp; &nbsp; Lust den Koch zu wechseln? T\u00e4glich von Montag bis Samstag (Mittag und Abend) und Sonntagmittag k\u00f6nnen Sie sich von unserem K\u00fcchenchef mit den verschiedenen Gerichten zum Mitnehmen verw\u00f6hnen lassen. Wir bieten entweder Tagesm mehr<\/p>\n","protected":false},"author":1,"featured_media":5106,"parent":0,"menu_order":0,"comment_status":"closed","ping_status":"closed","template":"","meta":[],"yoast_head":"<!-- This site is optimized with the Yoast SEO plugin v15.9.2 - https:\/\/yoast.com\/wordpress\/plugins\/seo\/ -->\n<title>Unsere Mahlzeiten zum Mitnehmen | H\u00f4tel de l&#039;Aigle - Couvet<\/title>\n<meta name=\"robots\" content=\"index, follow, max-snippet:-1, max-image-preview:large, max-video-preview:-1\" \/>\n<link rel=\"canonical\" href=\"https:\/\/www.hotel-aigle.ch\/de\/mitnehmen\/\" \/>\n<meta property=\"og:locale\" content=\"de_DE\" \/>\n<meta property=\"og:type\" content=\"article\" \/>\n<meta property=\"og:title\" content=\"Unsere Mahlzeiten zum Mitnehmen | H\u00f4tel de l&#039;Aigle - Couvet\" \/>\n<meta property=\"og:description\" content=\"Unsere Mahlzeiten zum Mitnehmen &nbsp; &nbsp; Lust den Koch zu wechseln? T\u00e4glich von Montag bis Samstag (Mittag und Abend) und Sonntagmittag k\u00f6nnen Sie sich von unserem K\u00fcchenchef mit den verschiedenen Gerichten zum Mitnehmen verw\u00f6hnen lassen. Wir bieten entweder Tagesm mehr\" \/>\n<meta property=\"og:url\" content=\"https:\/\/www.hotel-aigle.ch\/de\/mitnehmen\/\" \/>\n<meta property=\"og:site_name\" content=\"H\u00f4tel de l&#039;Aigle - Couvet\" \/>\n<meta property=\"article:modified_time\" content=\"2026-01-05T15:50:08+00:00\" \/>\n<meta property=\"og:image\" content=\"https:\/\/www.hotel-aigle.ch\/wp-content\/uploads\/2019\/12\/aigle_restaurant_05.jpg\" \/>\n\t<meta property=\"og:image:width\" content=\"1920\" \/>\n\t<meta property=\"og:image:height\" content=\"501\" \/>\n<meta name=\"twitter:card\" content=\"summary_large_image\" \/>\n<meta name=\"twitter:label1\" content=\"Gesch\u00e4tzte Lesezeit\">\n\t<meta name=\"twitter:data1\" content=\"4\u00a0Minuten\">\n<script type=\"application\/ld+json\" class=\"yoast-schema-graph\">{\"@context\":\"https:\/\/schema.org\",\"@graph\":[{\"@type\":\"Organization\",\"@id\":\"https:\/\/www.hotel-aigle.ch\/de\/#organization\",\"name\":\"H\\u00f4tel de l'aigle\",\"url\":\"https:\/\/www.hotel-aigle.ch\/de\/\",\"sameAs\":[],\"logo\":{\"@type\":\"ImageObject\",\"@id\":\"https:\/\/www.hotel-aigle.ch\/de\/#logo\",\"inLanguage\":\"de\",\"url\":\"https:\/\/www.hotel-aigle.ch\/wp-content\/uploads\/2020\/04\/GOUT_REGION_AIG-scaled.jpg\",\"width\":2560,\"height\":2560,\"caption\":\"H\\u00f4tel de l'aigle\"},\"image\":{\"@id\":\"https:\/\/www.hotel-aigle.ch\/de\/#logo\"}},{\"@type\":\"WebSite\",\"@id\":\"https:\/\/www.hotel-aigle.ch\/de\/#website\",\"url\":\"https:\/\/www.hotel-aigle.ch\/de\/\",\"name\":\"H\\u00f4tel de l&#039;Aigle | Val-de-Travers\",\"description\":\"\",\"publisher\":{\"@id\":\"https:\/\/www.hotel-aigle.ch\/de\/#organization\"},\"potentialAction\":[{\"@type\":\"SearchAction\",\"target\":\"https:\/\/www.hotel-aigle.ch\/de\/?s={search_term_string}\",\"query-input\":\"required name=search_term_string\"}],\"inLanguage\":\"de\"},{\"@type\":\"ImageObject\",\"@id\":\"https:\/\/www.hotel-aigle.ch\/de\/mitnehmen\/#primaryimage\",\"inLanguage\":\"de\",\"url\":\"https:\/\/www.hotel-aigle.ch\/wp-content\/uploads\/2019\/12\/aigle_restaurant_05.jpg\",\"width\":1920,\"height\":501,\"caption\":\"Restaurant de l'H\\u00f4tel de l'Aigle\"},{\"@type\":\"WebPage\",\"@id\":\"https:\/\/www.hotel-aigle.ch\/de\/mitnehmen\/#webpage\",\"url\":\"https:\/\/www.hotel-aigle.ch\/de\/mitnehmen\/\",\"name\":\"Unsere Mahlzeiten zum Mitnehmen | H\\u00f4tel de l&#039;Aigle - Couvet\",\"isPartOf\":{\"@id\":\"https:\/\/www.hotel-aigle.ch\/de\/#website\"},\"primaryImageOfPage\":{\"@id\":\"https:\/\/www.hotel-aigle.ch\/de\/mitnehmen\/#primaryimage\"},\"datePublished\":\"2020-12-10T12:21:16+00:00\",\"dateModified\":\"2026-01-05T15:50:08+00:00\",\"breadcrumb\":{\"@id\":\"https:\/\/www.hotel-aigle.ch\/de\/mitnehmen\/#breadcrumb\"},\"inLanguage\":\"de\",\"potentialAction\":[{\"@type\":\"ReadAction\",\"target\":[\"https:\/\/www.hotel-aigle.ch\/de\/mitnehmen\/\"]}]},{\"@type\":\"BreadcrumbList\",\"@id\":\"https:\/\/www.hotel-aigle.ch\/de\/mitnehmen\/#breadcrumb\",\"itemListElement\":[{\"@type\":\"ListItem\",\"position\":1,\"item\":{\"@type\":\"WebPage\",\"@id\":\"https:\/\/www.hotel-aigle.ch\/de\/\",\"url\":\"https:\/\/www.hotel-aigle.ch\/de\/\",\"name\":\"Accueil\"}},{\"@type\":\"ListItem\",\"position\":2,\"item\":{\"@type\":\"WebPage\",\"@id\":\"https:\/\/www.hotel-aigle.ch\/de\/mitnehmen\/\",\"url\":\"https:\/\/www.hotel-aigle.ch\/de\/mitnehmen\/\",\"name\":\"Unsere Mahlzeiten zum Mitnehmen\"}}]}]}<\/script>\n<!-- \/ Yoast SEO plugin. -->","_links":{"self":[{"href":"https:\/\/www.hotel-aigle.ch\/de\/wp-json\/wp\/v2\/pages\/6936"}],"collection":[{"href":"https:\/\/www.hotel-aigle.ch\/de\/wp-json\/wp\/v2\/pages"}],"about":[{"href":"https:\/\/www.hotel-aigle.ch\/de\/wp-json\/wp\/v2\/types\/page"}],"author":[{"embeddable":true,"href":"https:\/\/www.hotel-aigle.ch\/de\/wp-json\/wp\/v2\/users\/1"}],"replies":[{"embeddable":true,"href":"https:\/\/www.hotel-aigle.ch\/de\/wp-json\/wp\/v2\/comments?post=6936"}],"version-history":[{"count":286,"href":"https:\/\/www.hotel-aigle.ch\/de\/wp-json\/wp\/v2\/pages\/6936\/revisions"}],"predecessor-version":[{"id":13438,"href":"https:\/\/www.hotel-aigle.ch\/de\/wp-json\/wp\/v2\/pages\/6936\/revisions\/13438"}],"wp:featuredmedia":[{"embeddable":true,"href":"https:\/\/www.hotel-aigle.ch\/de\/wp-json\/wp\/v2\/media\/5106"}],"wp:attachment":[{"href":"https:\/\/www.hotel-aigle.ch\/de\/wp-json\/wp\/v2\/media?parent=6936"}],"curies":[{"name":"wp","href":"https:\/\/api.w.org\/{rel}","templated":true}]}}

<p>Unsere Mahlzeiten zum Mitnehmen &nbsp; &nbsp; Lust den Koch zu wechseln? Täglich von Montag bis Samstag (Mittag und Abend) und Sonntagmittag können Sie sich von unserem Küchenchef mit den verschiedenen Gerichten zum Mitnehmen verwöhnen lassen. Wir bieten entweder Tagesm <a href="https://www.hotel-aigle.ch/de/mitnehmen/" title="Read more on Unsere Mahlzeiten zum Mitnehmen" class="more-link">mehr</a></p>

<p>Unsere Mahlzeiten zum Mitnehmen &nbsp; &nbsp; Lust den Koch zu wechseln? Täglich von Montag bis Samstag (Mittag und Abend) und Sonntagmittag können Sie sich von unserem Küchenchef mit den verschiedenen Gerichten zum Mitnehmen verwöhnen lassen. Wir bieten entweder Tagesm mehr</p>

<!-- This site is optimized with the Yoast SEO plugin v15.9.2 - https://yoast.com/wordpress/plugins/seo/ -->
<title>Unsere Mahlzeiten zum Mitnehmen | Hôtel de l&#039;Aigle - Couvet</title>
<meta name="robots" content="index, follow, max-snippet:-1, max-image-preview:large, max-video-preview:-1" />
<link rel="canonical" href="https://www.hotel-aigle.ch/de/mitnehmen/" />
<meta property="og:locale" content="de_DE" />
<meta property="og:type" content="article" />
<meta property="og:title" content="Unsere Mahlzeiten zum Mitnehmen | Hôtel de l&#039;Aigle - Couvet" />
<meta property="og:description" content="Unsere Mahlzeiten zum Mitnehmen &nbsp; &nbsp; Lust den Koch zu wechseln? Täglich von Montag bis Samstag (Mittag und Abend) und Sonntagmittag können Sie sich von unserem Küchenchef mit den verschiedenen Gerichten zum Mitnehmen verwöhnen lassen. Wir bieten entweder Tagesm mehr" />
<meta property="og:url" content="https://www.hotel-aigle.ch/de/mitnehmen/" />
<meta property="og:site_name" content="Hôtel de l&#039;Aigle - Couvet" />
<meta property="article:modified_time" content="2026-01-05T15:50:08+00:00" />
<meta property="og:image" content="https://www.hotel-aigle.ch/wp-content/uploads/2019/12/aigle_restaurant_05.jpg" />
	<meta property="og:image:width" content="1920" />
	<meta property="og:image:height" content="501" />
<meta name="twitter:card" content="summary_large_image" />
<meta name="twitter:label1" content="Geschätzte Lesezeit">
	<meta name="twitter:data1" content="4 Minuten">
<script type="application/ld+json" class="yoast-schema-graph">{"@context":"https://schema.org","@graph":[{"@type":"Organization","@id":"https://www.hotel-aigle.ch/de/#organization","name":"H\u00f4tel de l'aigle","url":"https://www.hotel-aigle.ch/de/","sameAs":[],"logo":{"@type":"ImageObject","@id":"https://www.hotel-aigle.ch/de/#logo","inLanguage":"de","url":"https://www.hotel-aigle.ch/wp-content/uploads/2020/04/GOUT_REGION_AIG-scaled.jpg","width":2560,"height":2560,"caption":"H\u00f4tel de l'aigle"},"image":{"@id":"https://www.hotel-aigle.ch/de/#logo"}},{"@type":"WebSite","@id":"https://www.hotel-aigle.ch/de/#website","url":"https://www.hotel-aigle.ch/de/","name":"H\u00f4tel de l&#039;Aigle | Val-de-Travers","description":"","publisher":{"@id":"https://www.hotel-aigle.ch/de/#organization"},"potentialAction":[{"@type":"SearchAction","target":"https://www.hotel-aigle.ch/de/?s={search_term_string}","query-input":"required name=search_term_string"}],"inLanguage":"de"},{"@type":"ImageObject","@id":"https://www.hotel-aigle.ch/de/mitnehmen/#primaryimage","inLanguage":"de","url":"https://www.hotel-aigle.ch/wp-content/uploads/2019/12/aigle_restaurant_05.jpg","width":1920,"height":501,"caption":"Restaurant de l'H\u00f4tel de l'Aigle"},{"@type":"WebPage","@id":"https://www.hotel-aigle.ch/de/mitnehmen/#webpage","url":"https://www.hotel-aigle.ch/de/mitnehmen/","name":"Unsere Mahlzeiten zum Mitnehmen | H\u00f4tel de l&#039;Aigle - Couvet","isPartOf":{"@id":"https://www.hotel-aigle.ch/de/#website"},"primaryImageOfPage":{"@id":"https://www.hotel-aigle.ch/de/mitnehmen/#primaryimage"},"datePublished":"2020-12-10T12:21:16+00:00","dateModified":"2026-01-05T15:50:08+00:00","breadcrumb":{"@id":"https://www.hotel-aigle.ch/de/mitnehmen/#breadcrumb"},"inLanguage":"de","potentialAction":[{"@type":"ReadAction","target":["https://www.hotel-aigle.ch/de/mitnehmen/"]}]},{"@type":"BreadcrumbList","@id":"https://www.hotel-aigle.ch/de/mitnehmen/#breadcrumb","itemListElement":[{"@type":"ListItem","position":1,"item":{"@type":"WebPage","@id":"https://www.hotel-aigle.ch/de/","url":"https://www.hotel-aigle.ch/de/","name":"Accueil"}},{"@type":"ListItem","position":2,"item":{"@type":"WebPage","@id":"https://www.hotel-aigle.ch/de/mitnehmen/","url":"https://www.hotel-aigle.ch/de/mitnehmen/","name":"Unsere Mahlzeiten zum Mitnehmen"}}]}]}</script>
<!-- / Yoast SEO plugin. -->
